 3
Let f(r) = 2*r + 8. Let y be f(-6). Let b be (-30)/(-4)*y/5. Let w = b + 15. List the prime factors of w.
3
Let k(i) = 4*i**2 - 3*i. Let j be k(-4). Let d = j + -46. Let o = d + -16. List the prime factors of o.
2, 7
Let w(s) = 92*s**2 - 4*s - 3. List the prime factors of w(-1).
3, 31
Suppose 3*f = 7 - 1. Suppose 4*i = f*i + 6. Suppose d + 4 = 2*d + i*x, -d = -x - 8. List the prime factors of d.
7
Let h(i) = i - 8. Let g be h(10). Let n = -2 + g. Suppose n = -2*f - 6 + 20. List the prime factors of f.
7
Let k(f) = 6*f - 8. What are the prime factors of k(10)?
2, 13
Let x = 1 + 1. Let l be ((-4)/6)/(x/(-15)). Suppose 7 + l = a. What are the prime factors of a?
2, 3
Suppose -7*f = -3*f. Let v be -2 + 1*(2 - f). Suppose v = 4*d - 3*q - 59, -3*d + 2 = 3*q - 16. What are the prime factors of d?
11
Suppose 3*t = -3*m + 138, -61 - 61 = -3*m + t. What are the prime factors of m?
2, 3, 7
Let z be ((-4)/(-12))/(1/15). Suppose -4*j - z*m + 65 = 0, -2*m + 4*m = -2*j + 32. Suppose 2*w = -1 + j. List the prime factors of w.
7
Let h(q) = q**3 - 11*q**2 + 3. What are the prime factors of h(12)?
3, 7
Suppose 24*h - 1230 = 18*h. What are the prime factors of h?
5, 41
Let x = 1 - -1. Suppose x*c + c - 48 = -4*l, 35 = l - 5*c. What are the prime factors of l?
3, 5
Let p = -6 + 10. Suppose 4*l - 13 - 35 = -p*x, -2*x = l - 8. What are the prime factors of l?
2
Suppose -3*j - 2*j = -175. Suppose 5*l + 0*l - 3*z = 53, 0 = 4*l + 5*z - j. Let d = l - -4. List the prime factors of d.
2, 7
List the prime factors of ((-12)/18)/(2/(-123)).
41
Let b = -201 + 600. List the prime factors of b.
3, 7, 19
Let h(t) = -t**3 + t - 1. Suppose 0*c + m = 3*c + 4, -3*m = -2*c - 12. Let y be h(c). Let i = y - -9. List the prime factors of i.
2
Suppose 2*s - 3 = s. Suppose -3*i = -b - 47, 13 = -4*i + b + 76. Suppose -j - 28 = -4*f, -18 = -s*f + 4*j + i. List the prime factors of f.
2, 3
Suppose -241 - 293 = -6*l. What are the prime factors of l?
89
Let o(g) = -g + 3. Let f be o(0). Let n(m) = 8 + m**2 + 0*m - 3 + f*m. List the prime factors of n(-4).
3
Let x(o) = o**3 - 3*o**2 - 5*o - 7. Let w be x(5). Let i = 10 - w. List the prime factors of (-100)/i + (-1)/2.
2, 3
Suppose 4*l = 9*l - 5. Let r = 3 - l. List the prime factors of r.
2
Let v(z) = z**3 - 6*z**2 + z - 5. List the prime factors of v(7).
3, 17
Let p = 2 - 4. Let d = -1 + p. List the prime factors of 32/6*d/(-2).
2
Suppose 0 = 3*l + 4*s - 13 - 5, -5*l + 22 = 4*s. Suppose l*g - t + 16 = 3*g, 2*g + 4*t = 36. What are the prime factors of g?
2, 7
Let h be ((-7)/(-2))/(2/12). Suppose -5*w + h + 9 = 0. List the prime factors of w.
2, 3
Let w = -11 + 11. Suppose -5*u + 9*u - 88 = w. What are the prime factors of u?
2, 11
Let p = 135 + -935. What are the prime factors of 2/9 + p/(-45)?
2, 3
List the prime factors of ((-50)/(-8))/(3/12).
5
Let a(q) = q**3 + q + 12. Suppose -5*w + 16 = -w. Let z(c) = -c**3 + 4*c**2. Let g be z(w). List the prime factors of a(g).
2, 3
Suppose -v - 2*b - b = 9, b = v + 5. Let n be v*17/(-2) - 3. Suppose 1 = 2*s + 3, 3*s + n = 5*q. List the prime factors of q.
3
Suppose 4*b = -0*b - 3*a + 48, 3*b + 4*a - 36 = 0. Let c = -4 + b. Suppose 2*l = 3*w + c, w = l - 4*l + 23. List the prime factors of l.
7
List the prime factors of (-6)/(-4)*(-8)/(-3).
2
What are the prime factors of (16*-3)/(-3) + -2?
2, 7
Suppose 3*o - o = -492. Let z be (o/(-9))/(2/6). Suppose 3*m = -y + 62, -m - y + z = 3*m. List the prime factors of m.
2, 5
Let g be ((-108)/10)/(22/(-55)). Suppose 28 = 5*d - g. What are the prime factors of d?
11
Let q = 66 - 23. What are the prime factors of q?
43
Let d(r) = -r**3 - 3*r**2 + 3*r + 1. Let l = -9 + 5. What are the prime factors of d(l)?
5
Let b(q) = 31*q**2 + 2. What are the prime factors of b(-1)?
3, 11
Let a(g) = 23*g + 5. List the prime factors of a(3).
2, 37
Let i(c) = -2*c - 3. Let h be i(-3). Suppose -z - h*z + 8 = 0. Suppose 2*q + z*q + 2*m = 40, 4*q - 5*m - 54 = 0. What are the prime factors of q?
11
Let n be 2 + -2 - 30/(-2). Let f = -6 + n. List the prime factors of f.
3
Let g(u) = 20*u**3 + u**2 + 2*u - 5. What are the prime factors of g(2)?
163
Suppose -4*c = -b - 2*c + 9, 0 = 4*b - 5*c - 24. Suppose b = n + 4. What are the prime factors of 2 + n + 1 + 3?
3
Suppose -3*o - 14 = 4*o. Let j(f) = 3*f**2 - 1 + 2 - 2*f**2. List the prime factors of j(o).
5
Suppose h - 3 + 1 = 0. Let i(q) = -q**3 + 2*q**3 + 2 - 3*q - 1. What are the prime factors of i(h)?
3
Let o(z) = 3*z - 3. Suppose 5 = 2*f + 3*m, 2*f - 5*m + m - 26 = 0. Let j be o(f). Suppose -2*y = -x - 20, -x = -2*y + x + j. List the prime factors of y.
11
Let g(v) = v + 2. Let h be g(-2). Suppose i - 6*i + 25 = h, 5*p - 5*i + 5 = 0. Suppose p = q + 1. List the prime factors of q.
3
Let c(p) = p**3 - 6*p**2 - 11*p + 5. Let h be c(8). Let i(w) = -5*w - 1. Let l be i(-6). Let z = h - l. What are the prime factors of z?
2
Suppose 0*d + t + 2 = 3*d, 2*t = 2*d + 4. Suppose -2*q + 70 = -d. Suppose -q = -3*z - 3. What are the prime factors of z?
11
Suppose 0 = 2*i + 10, -6*u = -2*u + 5*i - 11. What are the prime factors of u?
3
Let h = 7 + -5. Suppose h*d - 2*i - 42 = 0, 3*i - 54 = -4*d + i. What are the prime factors of d?
2
Let d = 5 - 3. Suppose -d*w - 2*w - 14 = -2*n, -3*w = 3*n - 12. List the prime factors of n.
5
Suppose -3*t = 3*i + t + 5, -4*i = 2*t. What are the prime factors of i + -1 + 132/4?
3, 11
List the prime factors of (-3)/2 + (-4)/(24/(-891)).
3, 7
Let f = -56 - -87. Suppose -2*s = -0*s + 5*p + 33, 2*s = -4*p - 34. Let w = f + s. What are the prime factors of w?
2, 3
Let p(w) = 15*w**2 + 3*w - 1. List the prime factors of p(-2).
53
Let w = -32 + 20. Let i = -7 - w. Suppose 2*l + 2 + 0 = 5*y, 2*l - 18 = -i*y. What are the prime factors of y?
2
Let q(k) = 3 + 2*k**3 - 6*k**2 + 2*k + 0*k - 3*k**3 - 5*k. Let c be q(-6). Let j = c + -9. List the prime factors of j.
2, 3
Let f be (1 - -23)*(-5 + 3). Let j = -32 - f. List the prime factors of j.
2
Suppose 5*n - 4*t + 2*t - 965 = 0, 2*n - 2*t = 392. List the prime factors of n.
191
Let j(w) = w**3 + 6*w**2 - w - 4. Let x be j(-6). Let h = 2 - x. Let p = 11 + h. List the prime factors of p.
11
Suppose 2*j - j - 10 = 0. Let x = -2 - -2. Let u = j + x. List the prime factors of u.
2, 5
Let w(t) = -3*t**2 + 13*t - 20. Let r(n) = -n**2 + 4*n - 7. Let g = -25 + 14. Let c(x) = g*r(x) + 4*w(x). List the prime factors of c(6).
3
Suppose 3*l - 35 = 8*l. What are the prime factors of 43*1 + 7 + l?
43
Let o = 179 + -107. What are the prime factors of o?
2, 3
Let f(d) = d**3 + 16*d**2 + 10*d + 3. What are the prime factors of f(-14)?
3, 5, 17
Suppose -3 - 3 = -3*t. Let o be (4 - t)/((-1)/6). What are the prime factors of (-2)/(-8) - 153/o?
13
Let z = 5 - 13. Suppose 4*s - 5*v + 45 = 0, -s = -4*s + 2*v - 25. Let c = s - z. What are the prime factors of c?
3
Suppose 2*j = 3*x - 65, -j + 67 = 3*x - 5*j. Let v(a) = -a - 2. Let d be v(-4). Suppose -4 = 4*w + 8, 0 = -5*s + d*w + x. List the prime factors of s.
3
Suppose -n + 3 = 12. What are the prime factors of 65/3 + 6/n?
3, 7
Let g = 27 + -17. Let p = 9 - 4. What are the prime factors of 4/g + 68/p?
2, 7
Suppose -m + 4*m = 12. Suppose m*b = 3*d - 32, -2*b + 5*d = 2*b + 24. Let o = b + 22. What are the prime factors of o?
11
Let h(x) = x**2 + 0*x**2 - x + 11*x - 3*x - 1. What are the prime factors of h(-9)?
17
Let w(u) = -u - 6. Let k be w(-4). Suppose 4*z = 2*b - 0*b + 70, -5*b - 67 = -4*z. What are the prime factors of 184/z - k/(-9)?
2, 5
Let d(n) = -13*n**2 + 9*n + 40. Let v(z) = 3*z**2 - 2*z - 10. Let i(o) = -2*d(o) - 9*v(o). List the prime factors of i(0).
2, 5
Let l be ((-1)/(-3))/((-1)/(-12)). Suppose -l*f = 5*w - 20, -4*w - f + 7 + 9 = 0. List the prime factors of w.
2
Let q be -1 + -1 + 1 - -4. Let k(u) = -u**2 - 8*u**2 + u**q - 2*u**3 + 4. What are the prime factors of k(-9)?
2
Let p(v) = -2*v + 2. Let d be p(-6). Suppose -12 = 4*r, d = 5*y + 5*r - 16. What are the prime factors of y?
3
Let l = -64 + 138. Let f = -52 + l. What are the prime factors of f?
2, 11
Let s(l) = -28*l**2 - 1. Let m be s(1). Suppose -4*v = 3*t - 131, -v - v = 3*t - 127. Let j = t + m. List the prime factors of j.
2, 3
Let w = 2 + -9. Let l = -4 - w. What are the prime factors of l?
3
Let t be ((-14)/8)/((-1)/4). Let l(y) = y**3 - 7*y**2 + 2*y + 10. List